[INFO] cloning repository https://github.com/vorner/fade
[INFO] running `Command { std: "git" "-c" "credential.helper=" "-c" "credential.helper=/workspace/cargo-home/bin/git-credential-null" "clone" "--bare" "https://github.com/vorner/fade" "/workspace/cache/git-repos/https%3A%2F%2Fgithub.com%2Fvorner%2Ffade", kill_on_drop: false }`
[INFO] [stderr] Cloning into bare repository '/workspace/cache/git-repos/https%3A%2F%2Fgithub.com%2Fvorner%2Ffade'...
[INFO] running `Command { std: "git" "rev-parse" "HEAD", kill_on_drop: false }`
[INFO] [stdout] bbbdbf358e1e8f30393bc72aab3cb313f56ec76e
[INFO] building vorner/fade against master#881c1ac408d93bb7adaa3a51dabab9266e82eee8 for issue-85264
[INFO] running `Command { std: "git" "clone" "/workspace/cache/git-repos/https%3A%2F%2Fgithub.com%2Fvorner%2Ffade" "/workspace/builds/worker-2/source", kill_on_drop: false }`
[INFO] [stderr] Cloning into '/workspace/builds/worker-2/source'...
[INFO] [stderr] done.
[INFO] validating manifest of git repo https://github.com/vorner/fade on toolchain 881c1ac408d93bb7adaa3a51dabab9266e82eee8
[INFO] running `Command { std: "/workspace/cargo-home/bin/cargo" "+881c1ac408d93bb7adaa3a51dabab9266e82eee8" "metadata" "--manifest-path" "Cargo.toml" "--no-deps", kill_on_drop: false }`
[INFO] started tweaking git repo https://github.com/vorner/fade
[INFO] finished tweaking git repo https://github.com/vorner/fade
[INFO] tweaked toml for git repo https://github.com/vorner/fade written to /workspace/builds/worker-2/source/Cargo.toml
[INFO] crate git repo https://github.com/vorner/fade already has a lockfile, it will not be regenerated
[INFO] running `Command { std: "/workspace/cargo-home/bin/cargo" "+881c1ac408d93bb7adaa3a51dabab9266e82eee8" "fetch" "--manifest-path" "Cargo.toml", kill_on_drop: false }`
[INFO] running `Command { std: "docker" "create" "-v" "/var/lib/crater-agent-workspace/builds/worker-2/target:/opt/rustwide/target:rw,Z" "-v" "/var/lib/crater-agent-workspace/builds/worker-2/source:/opt/rustwide/workdir:ro,Z" "-v" "/var/lib/crater-agent-workspace/cargo-home:/opt/rustwide/cargo-home:ro,Z" "-v" "/var/lib/crater-agent-workspace/rustup-home:/opt/rustwide/rustup-home:ro,Z" "-e" "SOURCE_DIR=/opt/rustwide/workdir" "-e" "CARGO_TARGET_DIR=/opt/rustwide/target" "-e" "CARGO_HOME=/opt/rustwide/cargo-home" "-e" "RUSTUP_HOME=/opt/rustwide/rustup-home" "-w" "/opt/rustwide/workdir" "-m" "1610612736" "--user" "0:0" "--network" "none" "ghcr.io/rust-lang/crates-build-env/linux@sha256:20528e8c29e4536546f0102ce88568b16ea7538393a33fcca951030f7af10457" "/opt/rustwide/cargo-home/bin/cargo" "+881c1ac408d93bb7adaa3a51dabab9266e82eee8" "metadata" "--no-deps" "--format-version=1", kill_on_drop: false }`
[INFO] [stdout] c86478032f46d6c887cb7fb242d917b15f7a87c3507425838322068e6dbb651d
[INFO] [stderr] WARNING: Your kernel does not support swap limit capabilities or the cgroup is not mounted. Memory limited without swap.
[INFO] running `Command { std: "docker" "start" "-a" "c86478032f46d6c887cb7fb242d917b15f7a87c3507425838322068e6dbb651d", kill_on_drop: false }`
[INFO] running `Command { std: "docker" "inspect" "c86478032f46d6c887cb7fb242d917b15f7a87c3507425838322068e6dbb651d", kill_on_drop: false }`
[INFO] running `Command { std: "docker" "rm" "-f" "c86478032f46d6c887cb7fb242d917b15f7a87c3507425838322068e6dbb651d", kill_on_drop: false }`
[INFO] [stdout] c86478032f46d6c887cb7fb242d917b15f7a87c3507425838322068e6dbb651d
[INFO] running `Command { std: "docker" "create" "-v" "/var/lib/crater-agent-workspace/builds/worker-2/target:/opt/rustwide/target:rw,Z" "-v" "/var/lib/crater-agent-workspace/builds/worker-2/source:/opt/rustwide/workdir:ro,Z" "-v" "/var/lib/crater-agent-workspace/cargo-home:/opt/rustwide/cargo-home:ro,Z" "-v" "/var/lib/crater-agent-workspace/rustup-home:/opt/rustwide/rustup-home:ro,Z" "-e" "SOURCE_DIR=/opt/rustwide/workdir" "-e" "CARGO_TARGET_DIR=/opt/rustwide/target" "-e" "CARGO_INCREMENTAL=0" "-e" "RUST_BACKTRACE=full" "-e" "RUSTFLAGS=--cap-lints=forbid" "-e" "CARGO_HOME=/opt/rustwide/cargo-home" "-e" "RUSTUP_HOME=/opt/rustwide/rustup-home" "-w" "/opt/rustwide/workdir" "-m" "1610612736" "--user" "0:0" "--network" "none" "ghcr.io/rust-lang/crates-build-env/linux@sha256:20528e8c29e4536546f0102ce88568b16ea7538393a33fcca951030f7af10457" "/opt/rustwide/cargo-home/bin/cargo" "+881c1ac408d93bb7adaa3a51dabab9266e82eee8" "build" "--frozen" "--message-format=json", kill_on_drop: false }`
[INFO] [stdout] d1a5791b1311ceccc2596ba26ad9ca5b605c43fd95d0eb67f529d33366cafbd7
[INFO] [stderr] WARNING: Your kernel does not support swap limit capabilities or the cgroup is not mounted. Memory limited without swap.
[INFO] running `Command { std: "docker" "start" "-a" "d1a5791b1311ceccc2596ba26ad9ca5b605c43fd95d0eb67f529d33366cafbd7", kill_on_drop: false }`
[INFO] [stderr]    Compiling libc v0.2.82
[INFO] [stderr]    Compiling syn v1.0.58
[INFO] [stderr]    Compiling unicode-segmentation v1.7.1
[INFO] [stderr]    Compiling crossbeam-utils v0.8.1
[INFO] [stderr]    Compiling memoffset v0.6.1
[INFO] [stderr]    Compiling quote v1.0.8
[INFO] [stderr]    Compiling generic-array v0.14.4
[INFO] [stderr]    Compiling slipstream v0.1.1
[INFO] [stderr]    Compiling proc-macro-error-attr v1.0.4
[INFO] [stderr]    Compiling heck v0.3.2
[INFO] [stderr]    Compiling crossbeam-epoch v0.9.1
[INFO] [stderr]    Compiling crossbeam-channel v0.5.0
[INFO] [stderr]    Compiling getrandom v0.2.2
[INFO] [stderr]    Compiling num_cpus v1.13.0
[INFO] [stderr]    Compiling atty v0.2.14
[INFO] [stderr]    Compiling clap v2.33.3
[INFO] [stderr]    Compiling rand_core v0.6.1
[INFO] [stderr]    Compiling crossbeam-deque v0.8.0
[INFO] [stderr]    Compiling rand_chacha v0.3.0
[INFO] [stderr]    Compiling rayon-core v1.9.0
[INFO] [stderr]    Compiling rand v0.8.2
[INFO] [stderr]    Compiling rayon v1.5.0
[INFO] [stderr]    Compiling proc-macro-error v1.0.4
[INFO] [stderr]    Compiling structopt-derive v0.4.14
[INFO] [stderr]    Compiling multiversion-macros v0.6.1
[INFO] [stderr]    Compiling structopt v0.3.21
[INFO] [stderr]    Compiling multiversion v0.6.1
[INFO] [stderr]    Compiling fade v0.1.0 (/opt/rustwide/workdir)
[INFO] [stdout] error[E0658]: use of unstable library feature 'bench_black_box'
[INFO] [stdout]  --> src/main.rs:4:5
[INFO] [stdout]   |
[INFO] [stdout] 4 | use std::hint::black_box;
[INFO] [stdout]   |     ^^^^^^^^^^^^^^^^^^^^
[INFO] [stdout]   |
[INFO] [stdout]   = note: see issue #64102 <https://github.com/rust-lang/rust/issues/64102> for more information
[INFO] [stdout]   = help: add `#![feature(bench_black_box)]` to the crate attributes to enable
[INFO] [stdout] 
[INFO] [stdout] 
[INFO] [stdout] error[E0658]: use of unstable library feature 'bench_black_box'
[INFO] [stdout]   --> src/main.rs:28:20
[INFO] [stdout]    |
[INFO] [stdout] 28 |         assert_eq!(black_box(*d), C::splat(i ^ pat), "Check failed at {}", i);
[INFO] [stdout]    |                    ^^^^^^^^^
[INFO] [stdout]    |
[INFO] [stdout]    = note: see issue #64102 <https://github.com/rust-lang/rust/issues/64102> for more information
[INFO] [stdout]    = help: add `#![feature(bench_black_box)]` to the crate attributes to enable
[INFO] [stdout] 
[INFO] [stdout] 
[INFO] [stdout] error[E0658]: use of unstable library feature 'bench_black_box'
[INFO] [stdout]   --> src/main.rs:46:20
[INFO] [stdout]    |
[INFO] [stdout] 46 |         assert_eq!(black_box(*d), val, "Patt failed at positive");
[INFO] [stdout]    |                    ^^^^^^^^^
[INFO] [stdout]    |
[INFO] [stdout]    = note: see issue #64102 <https://github.com/rust-lang/rust/issues/64102> for more information
[INFO] [stdout]    = help: add `#![feature(bench_black_box)]` to the crate attributes to enable
[INFO] [stdout] 
[INFO] [stdout] 
[INFO] [stdout] error[E0658]: use of unstable library feature 'bench_black_box'
[INFO] [stdout]   --> src/main.rs:53:20
[INFO] [stdout]    |
[INFO] [stdout] 53 |         assert_eq!(black_box(*d), neg, "Patt failed at negative");
[INFO] [stdout]    |                    ^^^^^^^^^
[INFO] [stdout]    |
[INFO] [stdout]    = note: see issue #64102 <https://github.com/rust-lang/rust/issues/64102> for more information
[INFO] [stdout]    = help: add `#![feature(bench_black_box)]` to the crate attributes to enable
[INFO] [stdout] 
[INFO] [stdout] 
[INFO] [stdout] error: aborting due to 4 previous errors
[INFO] [stdout] 
[INFO] [stdout] 
[INFO] [stdout] For more information about this error, try `rustc --explain E0658`.
[INFO] [stdout] 
[INFO] [stderr] error: could not compile `fade`
[INFO] [stderr] 
[INFO] [stderr] To learn more, run the command again with --verbose.
[INFO] running `Command { std: "docker" "inspect" "d1a5791b1311ceccc2596ba26ad9ca5b605c43fd95d0eb67f529d33366cafbd7", kill_on_drop: false }`
[INFO] running `Command { std: "docker" "rm" "-f" "d1a5791b1311ceccc2596ba26ad9ca5b605c43fd95d0eb67f529d33366cafbd7", kill_on_drop: false }`
[INFO] [stdout] d1a5791b1311ceccc2596ba26ad9ca5b605c43fd95d0eb67f529d33366cafbd7
